{"id":3835,"date":"2022-09-27T22:29:45","date_gmt":"2022-09-27T22:29:45","guid":{"rendered":"https:\/\/www.skcapacitacion.cl\/?page_id=3835"},"modified":"2023-11-24T14:13:35","modified_gmt":"2023-11-24T17:13:35","slug":"trabaja-con-nosotros","status":"publish","type":"page","link":"https:\/\/www.skcapacitacion.cl\/?page_id=3835","title":{"rendered":"Trabaja con nosotros"},"content":{"rendered":"<p>[vc_row][vc_column][vc_empty_space][vc_column_text]<strong>TRABAJA CON NOSOTROS<\/strong><\/p>\n<p style=\"font-weight: 400;\">SK Capacitaci\u00f3n, es el OTEC filial de Sigdo Koppers Ingenier\u00eda y Construcci\u00f3n (SKIC), compa\u00f1\u00eda especializada en construcci\u00f3n y montaje industrial de gran escala, referente y con operaciones en Chile, Brasil, Argentina, Colombia y Per\u00fa.<\/p>\n<p style=\"font-weight: 400;\">Con m\u00e1s de 15 a\u00f1os en experiencias como instituci\u00f3n capacitadora, nos hemos posicionado por segundo a\u00f1o consecutivo dentro de las 10 primeras instituciones de Capacitaci\u00f3n, de acuerdo a ranking 2020, 2021 y 2022 realizado por el Servicio Nacional de Capacitaci\u00f3n y Empleo (SENCE).<\/p>\n<p style=\"font-weight: 400;\">Nuestra Misi\u00f3n, es revolucionar la experiencia del aprendizaje; s\u00famate y se parte de un gran equipo, cuya visi\u00f3n es formar personas que generen impacto en sus organizaciones.<\/p>\n<p style=\"font-weight: 400;\">Si quieres ser parte de nuestro equipo Env\u00edanos, tu CV y el \u00e1rea de tu inter\u00e9s, a los correos: <a href=\"mailto:jessica.caresio@skic.com\">jessica.caresio@skic.com<\/a><\/p>\n<p>&nbsp;<\/p>\n<hr \/>\n<p>[\/vc_column_text][vc_empty_space][\/vc_column][\/vc_row]<\/p>\n","protected":false},"excerpt":{"rendered":"<p>[vc_row][vc_column][vc_empty_space][vc_column_text]TRABAJA CON NOSOTROS SK Capacitaci\u00f3n, es el OTEC filial de Sigdo Koppers Ingenier\u00eda y Construcci\u00f3n (SKIC), compa\u00f1\u00eda especializada en construcci\u00f3n y montaje industrial de gran escala, referente y con operaciones en Chile, Brasil, Argentina, Colombia y Per\u00fa. Con m\u00e1s de 15 a\u00f1os en experiencias como instituci\u00f3n capacitadora, nos hemos posicionado por segundo a\u00f1o consecutivo dentro&hellip;<\/p>\n","protected":false},"author":9,"featured_media":0,"parent":0,"menu_order":0,"comment_status":"closed","ping_status":"closed","template":"template-microsite.php","meta":{"_themeisle_gutenberg_block_has_review":false},"_links":{"self":[{"href":"https:\/\/www.skcapacitacion.cl\/index.php?rest_route=\/wp\/v2\/pages\/3835"}],"collection":[{"href":"https:\/\/www.skcapacitacion.cl\/index.php?rest_route=\/wp\/v2\/pages"}],"about":[{"href":"https:\/\/www.skcapacitacion.cl\/index.php?rest_route=\/wp\/v2\/types\/page"}],"author":[{"embeddable":true,"href":"https:\/\/www.skcapacitacion.cl\/index.php?rest_route=\/wp\/v2\/users\/9"}],"replies":[{"embeddable":true,"href":"https:\/\/www.skcapacitacion.cl\/index.php?rest_route=%2Fwp%2Fv2%2Fcomments&post=3835"}],"version-history":[{"count":14,"href":"https:\/\/www.skcapacitacion.cl\/index.php?rest_route=\/wp\/v2\/pages\/3835\/revisions"}],"predecessor-version":[{"id":4004,"href":"https:\/\/www.skcapacitacion.cl\/index.php?rest_route=\/wp\/v2\/pages\/3835\/revisions\/4004"}],"wp:attachment":[{"href":"https:\/\/www.skcapacitacion.cl\/index.php?rest_route=%2Fwp%2Fv2%2Fmedia&parent=3835"}],"curies":[{"name":"wp","href":"https:\/\/api.w.org\/{rel}","templated":true}]}}